 is divided by v.
5
Suppose 161*z - 750 = 111*z. Calculate the remainder when 20 is divided by z.
5
Suppose -g + 4*i + 6 + 1 = 0, -4*g - 2*i = -82. Calculate the remainder when 312 is divided by g.
8
Suppose -2*r = 3*m - 41 + 24, 3*m = 5*r + 10. Let i = 8 + -6. Suppose 0*w - 3*w - 91 = -5*j, -i*j = -5*w - 44. Calculate the remainder when j is divided by m.
2
Let j = 30 + -15. What is the remainder when 20/(-25)*295/(-2) is divided by j?
13
Let j(a) = 6*a - 11. Let y be j(12). What is the remainder when y/5 + (-8)/40 is divided by 7?
5
Suppose 48*p + 201 = 49*p. What is the remainder when p is divided by 34?
31
Let v(n) = n**3 - 4*n**2 + 3*n - 9. Let q be v(4). Let w = q - -22. Calculate the remainder when w is divided by 4.
1
Let v(d) = -d**3 - 3*d**2 + d - 3. Let g be v(-5). Suppose g = 6*r - 60. What is the remainder when 66 is divided by r?
15
Calculate the remainder when ((-12)/(16/(-4)))/((-12)/(-500)) is divided by 4/(-8) + (-174)/(-4).
39
Let s(b) = -9*b + 228. Calculate the remainder when s(0) is divided by 53.
16
Suppose -42*d + 168 = -0*d. What is the remainder when 8 is divided by d?
0
Suppose 99 = 4*u - 5*u. Let n = -95 - u. What is the remainder when 7 is divided by n?
3
Let p(y) = -29 - 6 + 10 - 3*y. What is the remainder when 82 is divided by p(-13)?
12
Let g(z) = -4*z**2 + 169*z - 18. What is the remainder when 31 is divided by g(42)?
7
Suppose 0 = -y + 104 + 44. Suppose 0 = 6*w - y + 34. Calculate the remainder when 93 is divided by w.
17
Suppose 0*t = -t + 29. Suppose -181*y + 4122 = -163*y. What is the remainder when y is divided by t?
26
What is the remainder when (-2976)/(-72) + (-2)/6 is divided by 14?
13
Calculate the remainder when ((8 - 3) + -8 + -8)*-1 is divided by 2.
1
Let t(l) = 6*l**2 + l - 1. Let p be t(1). Suppose -2*q + 22 = y, -5*y + 38 = 4*q - p. Let i(a) = -22*a - 1. What is the remainder when i(-1) is divided by q?
10
Calculate the remainder when 80 is divided by (-4)/(-32) - 2177/(-56).
2
Suppose 3*x - 16 - 26 = 0. What is the remainder when (4 - 2)*3630/132 is divided by x?
13
Suppose -4*t + 0*c = -3*c - 93, -2*t + 49 = c. Suppose -3*u = -4 - 2, -n = -u - 4. Suppose 21 - 75 = -n*z. What is the remainder when t is divided by z?
6
Suppose 3 + 12 = 5*k, 3*v + 4*k - 150 = 0. What is the remainder when v is divided by 27?
19
Let y(g) = 2*g**2 - 10*g + 1. Let w(o) = 2*o. What is the remainder when y(7) is divided by w(4)?
5
Suppose 59*v - 574 = 18*v. Calculate the remainder when (-130)/(-4)*(-16)/(-20) is divided by v.
12
Let o(c) = -3*c - 52. What is the remainder when 476 is divided by o(-20)?
4
Suppose 2*w = -14 + 6. Calculate the remainder when 33 is divided by w*(-4)/16*12.
9
Let t(r) be the second derivative of 0 - 1/20*r**5 - 2/3*r**3 + 7/12*r**4 + 3*r - 3*r**2. Calculate the remainder when 21 is divided by t(6).
3
Let u(q) = -2*q**2 + 10*q + 2. Let k be u(5). Suppose -5*v - 114 = -k*m, -3*m = 3*v + 2*v - 221. Calculate the remainder when m is divided by 21 - 1 - (3 + 0).
16
Calculate the remainder when 3 - (3/(-15) + (-6204)/30) is divided by 103.
4
Let l(i) = 8*i + 5. Suppose 27*n = 29*n - 10. Calculate the remainder when l(n) is divided by 8.
5
Suppose -2*y = -4*j - 38 + 218, 0 = 2*j - 5*y - 90. Let g(v) = v**3 - 3*v**2 - 7*v + 1. What is the remainder when j is divided by g(5)?
13
Suppose 4*w - 25 - 7 = 0. Let q = 19 - w. What is the remainder when (-4)/(-14) - (-645)/21 is divided by q?
9
Suppose j + 3*j + 201 = 5*i, -122 = -3*i + j. Calculate the remainder when i is divided by (-41)/(-4) - (-21)/28 - 0.
8
Suppose 0 = -4*g - 2*r - 3*r - 9, -4*g + 1 = -5*r. Let a(p) = 37*p**2 - 2*p - 2. Suppose 31 = 2*h + 5. Calculate the remainder when a(g) is divided by h.
11
Suppose -2*p + 10 = 2*g, 0 = 3*p + 4 + 2. Let c = -13 + 14. Let d(v) = 27*v. Calculate the remainder when d(c) is divided by g.
6
Suppose 20 = -l - 63. Let i = l - -121. Calculate the remainder when 112 is divided by i.
36
Let g(q) = -6*q - 21. Let w be g(-4). Suppose 2*t + h - 47 = -4*h, w*t = 5*h + 33. Calculate the remainder when 54 is divided by t.
6
Let h = 17 + -10. Let k be (8 - 7)*(1*12)/(-3). Calculate the remainder when 47 - (k*(-4)/8 - 1) is divided by h.
4
Let w = 11 - 42. Let f = -26 - w. Calculate the remainder when 9 is divided by f.
4
Let u be (0 - (7 + -2))/(-3 + 2). Let k = 30 - u. Calculate the remainder when 48 is divided by k.
23
Suppose -j + 48 = -23. Let o(t) = -11*t. Let q be o(-4). Let f = j - q. What is the remainder when 53 is divided by f?
26
Let c = 155 - 141. What is the remainder when 67 is divided by c?
11
Let x(g) = g**3 + 15*g**2 - 5*g + 8. Let o be x(-15). Suppose 7*i - 8 = o. Calculate the remainder when i is divided by 10.
3
Suppose 27 = -n + 3*x, 22 + 24 = -2*n + 4*x. Suppose 3*p - 60 - 6 = 0. What is the remainder when n/25 + (1712/(-10))/(-2) is divided by p?
19
Suppose -6*c - 5*c - 87*c + 5488 = 0. Suppose 5*j = -5*x + 115, -3*x + 32 = j + x. What is the remainder when c is divided by j?
16
Let d = 1193 + -1178. Suppose 3*i - 156 - 9 = 0. What is the remainder when i is divided by d?
10
Suppose -j + 3 = -4. Let d(g) = -g**2 - 8*g + 0 - j + 5. Calculate the remainder when d(-7) is divided by 5.
0
Let l = -11 - -6. Let v(b) = 2*b**2 + 4*b + 6. Let p = 29 - 10. Calculate the remainder when v(l) is divided by p.
17
Suppose -16*h - 8*h + 360 = 0. Suppose -k + 3 + 0 = 0. Suppose -k*l + 8*l = 220. What is the remainder when l is divided by h?
14
Let z be 12/15 + 32/10. What is the remainder when -14*((-9)/2 + 2) is divided by ((-19)/2)/(z/(-8))?
16
What is the remainder when ((-15)/10)/((-2)/988) is divided by 53?
52
Let y = -49 - -71. Let c = -24 + 36. Calculate the remainder when y is divided by c.
10
Suppose -2*w = -5*w + 12. Suppose -w*a = -8*a + 44. Calculate the remainder when 31 - (3 + -2*1) is divided by a.
8
Let i be 6 + (-2)/(-3 - -4). Suppose 0 = -4*t + i, -2*t - t = -2*m + 31. Suppose 39 + 11 = p. What is the remainder when p is divided by m?
16
Calculate the remainder when (3 - 46/14) + (-2705)/(-35) is divided by 6.
5
What is the remainder when (-291)/2*20/(-15) is divided by 33?
29
Let w = -1710 + 1801. What is the remainder when w is divided by 16?
11
Suppose 0*h - 2*h + 912 = 0. Let g be h/108 + (-2)/9. Suppose 26 = -g*j + 142. Calculate the remainder when j is divided by 16.
13
Suppose p - 6*p + 590 = 5*q, 2*q - 248 = p. Calculate the remainder when q is divided by 21.
17
Suppose 36*o = 31*o + 1010. What is the remainder when o is divided by 42?
34
Suppose -s = -3*s + 4*c + 264, -4*c + 730 = 5*s. What is the remainder when s is divided by 9?
7
Suppose -245 = -70*d + 63*d. Calculate the remainder when 207 is divided by d.
32
Suppose 0 = -u + 2*u + 10. Let x(h) = 2*h**2 + 13*h - 19. What is the remainder when x(u) is divided by (7/3 - 2)*27?
6
Let o = 148 - 211. Let y = -12 - o. Calculate the remainder when y is divided by 8.
3
Let g(a) = -a**2 - 16*a - 26. Suppose 8 = 5*d - 27. Calculate the remainder when g(-13) is divided by d.
6
Let l be 11/2 + 13/(-26). Suppose 0 = -2*r - 8, -l*u - 3*r + 123 = 0. What is the remainder when 132 is divided by u?
24
Let x = 141 + -118. Calculate the remainder when 112 is divided by x.
20
Suppose -3*w + 1708 = 4*u, 5*w - 648 = -3*u + 633. What is the remainder when u is divided by 31?
24
Suppose 5*c = -4*p + 255, -252 = 31*p - 35*p - 4*c. What is the remainder when 190 is divided by p?
10
Let r = 7 - 2. Suppose -5*n - u = -104 - 41, r*n - 2*u - 130 = 0. Suppose -4*f = -2*f - n. What is the remainder when 41 is divided by f?
13
Let b(n) = n + 18. Let w be b(-15). Suppose -3*h + 3 = -w*o, o - 8 = -4. Calculate the remainder when h is divided by 2.
1
Let m(w) = -w**3 - 27*w**2 - 51*w - 5. Let y = -24 + 9. Let r = 74 + y. What is the remainder when r is divided by m(-25)?
19
Let p = -840 + 1036. Calculate the remainder when p is divided by 11.
9
Let n be (-2)/(-6) + 42/9. Suppose 50 = 5*j + 5*f, f = j - f + n. What is the remainder when ((-132)/(-16))/(-11)*(-4 + -20) is divided by j?
3
Suppose 11*r = 6*r + 3*l, 0 = l. Suppose r*x - 88 = -2*x. Let z = -836 - -851. Calculate the remainder when x is divided by z.
14
Suppose 2*w + 49 - 145 = 0. Let p be 2/(4 - (-20)/(-6)). Suppose h - 14 = -p*c, 5*c + 71 = 4*h + 2*c. What is the remainder when w is divided by h?